 o(4). Suppose 5*a = -0*a + g*q + 75, 3*a - 17 = -4*q. Is a a composite number?
False
Let q = 17 + 117. Suppose -3*w = -w - q. Is w a prime number?
True
Suppose -j + 1041 + 122 = 0. Is j composite?
False
Suppose 355 = 4*j + 47. Is j a prime number?
False
Suppose -x + 72 = -47. Is x a prime number?
False
Let p(n) = n**3 - 2*n**2 - n + 1. Let h be (-2 - (-10)/6)*-6. Let t be p(h). Is (-1)/t*(29 - 4) prime?
False
Is (12/(-4))/(3/(-431)) composite?
False
Suppose 3*n = 8*n - 1125. Suppose -3*h + h = -4*g + 102, -5*h + 4*g = n. Let q = h - -76. Is q a prime number?
False
Suppose 238 = -4*s + 2326. Let y = s + 383. Is y a composite number?
True
Let j(u) = -319*u**3 - u - 1. Is j(-1) prime?
False
Let m(q) = 1724*q + 3. Is m(1) composite?
True
Suppose -5*b - 2*a = -2*b - 5401, 0 = -4*b - 5*a + 7206. Is b prime?
False
Let w(v) = -2*v**2 + 2*v. Let c be w(1). Let p = 50 - 35. Is (c - 483)*(-5)/p a prime number?
False
Is -481*(-3 + (4 - 2)) a prime number?
False
Let b(v) be the second derivative of -v**4/12 + v**2 + 2*v. Let r be b(0). Suppose 2*a = 5*d - 653, 5*d - r*a + 5*a - 658 = 0. Is d composite?
False
Suppose -5*p + 2 = o - 2*o, -10 = -4*o + 2*p. Suppose c - 12 = -4*d, -5*d + 5*c - o - 7 = 0. Suppose -d*q = -10 - 8. Is q a prime number?
False
Suppose -5*n + 2*o + 1027 + 328 = 0, -513 = -2*n - 5*o. Is n a composite number?
False
Suppose 5 = 2*f - 37. Suppose f = g + 4*r, 2*g = -r - 19 + 89. Is g a prime number?
True
Suppose 3 = l - 4*a - 3, -4*l + 44 = 4*a. Is l/65 - 26007/(-39) a composite number?
True
Let z(s) = s**3 + 8*s**2 - s - 6. Let o be z(-8). Let f(v) = -v + 5. Let m be f(-4). Suppose 3*d + m = 0, 2*r - 17 = -d - o*d. Is r prime?
True
Suppose 0*i + 21 = 3*i. Let v be -4*((-7)/(-4))/i. Is ((-618)/(-6))/(0 - v) prime?
True
Let a(v) = 4*v**2 + 10*v + 7. Is a(-5) composite?
True
Let t(s) = 4*s - 1. Is t(17) a composite number?
False
Suppose 5*w - 14 = 2*i, -w - 4 = 4*i + w. Let j be 0 + 1 + 43 - i. Is 1 - ((0 - j) + 0) composite?
False
Suppose 0 = 3*z + 7*z - 390. Is z a prime number?
False
Suppose 0 = -0*h + 3*h - 15. Suppose -h*n + 11 = t, 0*n - 3*t = -n - 1. Is 2/(-3)*(-111)/n a composite number?
False
Is (-47469)/(-39) + 4/(-26) composite?
False
Let f = 34 - 56. Is f/(-77) - 94/(-14) prime?
True
Let h be ((-2)/(-4))/((-2)/(-8)). Suppose 3*v + h*v = -50. Let q = v - -21. Is q a prime number?
True
Let h be 12/(-10)*10/(-3). Suppose 0 = -y + h*d + 1, 2*y - 6*y - 5*d = -25. Let w(m) = -m**3 + 8*m**2 - 5*m + 5. Is w(y) composite?
True
Suppose -2 = -z - z. Is (-1)/z*-3*1 prime?
True
Suppose 3*y - 5 = 4*y. Let i be -2 - -2 - (-55)/y. Is i*(-23)/(-3)*-3 composite?
True
Let s(h) = 5*h**3 - h**2 + 7*h. Let v(c) = -c - 9. Let q be v(-14). Is s(q) prime?
False
Let a(r) = 5 + 0*r**3 + 1 + 2*r**2 + r**3 + 5*r. Let c be a(5). Is c/14 - (-8)/28 prime?
False
Let i(h) be the third derivative of h**5/10 - h**4/6 - h**3/2 + h**2. Let k be i(-3). Is -2*(k/(-6) + 1) prime?
True
Let d(o) = -22*o**3 + 6*o**3 - 6*o**3 + o**2 + 3*o - 2*o. Is d(-1) prime?
False
Let t = 2766 + -1597. Is t composite?
True
Let n be (-1248)/2 - (-7 - -10). Let i = -280 - n. Is i composite?
False
Let f(h) = -h**2 - 4*h + 5. Let x be f(-5). Is 2 - 1 - (-3 - x) prime?
False
Suppose -2096 = -j - 3*j. Suppose 0 = -10*d + 6*d + j. Is d a prime number?
True
Let c(a) = -a**3 + 5*a**2 - 4*a - 2. Let k be c(4). Is (144/k - 2)/(-2) composite?
False
Suppose 24 = j + 3*j. Let k be (28/(-8))/(1/j). Let s = k - -56. Is s a composite number?
True
Suppose -41 = -v + 146. Is v prime?
False
Let l be (-1)/(-2)*(0 - -10). Suppose -4*p + 14 = 3*s - 53, -l*p - 10 = 0. Is s a prime number?
False
Suppose -2*j - 4*z = 2*j, -5*j + 4*z = -36. Let q(p) = p**3 - 2*p**2 + 3*p + 3. Let i be q(j). Suppose 172 - i = 5*n. Is n composite?
True
Let t(o) = -185*o**3 - o**2 - o. Suppose -3*s - 2*p = -s + 4, -2*s + 3*p = -16. Suppose 24 = -4*n + 4*x, -x + s*x - 4 = -n. Is t(n) a composite number?
True
Let y(b) = -b**3 + 4*b**2 - 4*b + 2. Let r be y(3). Let w be r - -1 - (-1 - -1). Suppose -2*s + 4*o + 22 = w, -3*s + 5*o + 21 = -s. Is s prime?
True
Let r(z) = -z + 4. Let h be r(0). Suppose w - 2*f - 51 - 28 = 0, 3*w + h*f = 227. Is w a composite number?
True
Suppose -2*o - 210 = -8*o. Is o a composite number?
True
Let d(m) = 1 - m**2 - 4 + 0 - 1 - 10*m. Let f be d(-4). Suppose 415 - f = 5*v. Is v a prime number?
True
Let c = 3 + 1. Suppose c = -x + 1. Is (x/(-3))/((-2)/(-38)) prime?
True
Let h be 4/(2 - 70/34). Let n be -1 + 3 - (0 + -115). Let v = n + h. Is v a composite number?
True
Let n(o) = -3*o - 9. Suppose 0 = -3*p + 8*p + 50. Is n(p) composite?
True
Suppose b - 5*u - 7 = 0, -3*u = 4*b - 1 - 4. Let h(l) = -l**3. Let r(c) = 3*c**3 - c**2 - 2*c + 3. Let x(k) = -4*h(k) - r(k). Is x(b) a composite number?
False
Let h be (-2)/(0 + -1) + 5. Let u(v) = -v**2 + 7*v - 8. Let o be u(h). Is 4/16 + (-470)/o a prime number?
True
Let k = -95 + 57. Suppose -3*g + 30 - 81 = 0. Let i = g - k. Is i prime?
False
Let y(r) = r + 7. Let w be y(-5). Suppose k - 4 = w*f, -f + 20 = 5*k - 0*f. Is 354/10 - k/10 a prime number?
False
Let b(x) = 14*x**2. Let g be -2 - 3/(6/(-8)). Let l be b(g). Let z = l + -33. Is z a composite number?
False
Let h(u) = 1038*u**2 - u. Is h(-1) a composite number?
False
Suppose s + o = 3, 6*o = o. Suppose s*y = -3*h + 51 + 9, -2*y + 3*h = -35. Is y composite?
False
Suppose -f - 824 = -4*a, -a - 225 = -2*a + 5*f. Is a a composite number?
True
Let j = 0 + 6. Suppose -j*c + 50 = -c. Suppose 2*z - c = 0, z = 4*a - 2*z - 221. Is a a composite number?
False
Let m(q) = -q**3 + 5. Let t be m(0). Let y = 20 - t. Is y a composite number?
True
Let m(l) = -l**3 + 11*l**2 - 11*l - 4. Is m(9) composite?
False
Let x(m) = 4 + 2*m - 3 + 6*m**2 - 2*m**2. Is x(3) prime?
True
Suppose 0 = 3*g - 230 - 1117. Is g prime?
True
Let y = -181 + 100. Let w = y + 164. Is w composite?
False
Suppose -5*l + 23 = -4*n, 15 = -4*n + 4*l - 5. Is (-177)/n - 4/(-8) a composite number?
False
Suppose 3 = 5*m - 2*m. Let v(z) = -7*z + z - 4 + z**2 - m. Is v(-6) prime?
True
Let c = -3 + 3. Suppose -4*n + c*n = -2260. Is n a composite number?
True
Let b(c) = 6*c**2 + 5*c - 1. Suppose -2*w + 5*n + 26 = -3*w, -4*n = 4*w + 40. Is b(w) composite?
True
Suppose -5*g + 1266 + 16018 = z, 4*z = -3*g + 10367. Is g a composite number?
False
Suppose -3*y = 2*h, -3*h - 2*y + 7 = -y. Suppose -5*k - 3*r = -r - 165, h*k - 73 = 4*r. Is k a composite number?
False
Let g(z) = 495*z**2 - 5*z + 12. Is g(2) composite?
True
Let g(k) = -384*k**3 + 2*k**2 + 2*k + 1. Let s be g(-1). Let b = -171 + s. Is (-9)/3 - -1*b composite?
False
Suppose -4*o + 82 = -1110. Is o a prime number?
False
Suppose 2*v - 76 = -6*p + p, -55 = -5*p + 5*v. Suppose 0 = l + 4*t - 3*t - 13, -3*l = t - 37. Let d = l + p. Is d a composite number?
True
Let c be 1/(-1*2/6). Let t(f) = f**3 + 7*f**2 + 2*f + 1. Is t(c) prime?
True
Let n = 70 + -24. Is n composite?
True
Let p(q) = q**2 + 8*q + 6. Let i be p(-7). Let b(t) = 109*t**2. Let n be b(i). Suppose -n + 30 = -y. Is y prime?
True
Let a(p) = -p**3 + 5*p**2 + 9*p - 10. Is a(-7) prime?
False
Let m = 2289 - 1610. Is m composite?
True
Let v = -270 + 401. Is v prime?
True
Suppose 3*b = -2*b + 70. Let p = 20 + b. Is p composite?
True
Let p be (-32)/(-14) + (-2)/7. Suppose -v + u + 127 = -2*u, p*u = 8. Is v composite?
False
Suppose -2*j + 4*j + 8 = 0. Let m = -11 + j. Is (28/6)/((-2)/m) a prime number?
False
Let d(l) be the second derivative of l**5/20 - l**4/12 - 7*l**3/6 + l**2/2 - 2*l. Is d(6) composite?
False
Let a(n) = -2*n - 7. Let h be a(-6). Suppose 0 = -5*m - h*y - 70, y + 4*y = -m - 34. Let b(f) = f**2 + 5*f + 1. Is b(m) composite?
False
Suppose q = 2*v - 4, 2*q + 8 = -v - 0*v. Suppose v = f - 4*f + 2*y + 184, -2*y + 48 = f. Suppose 5*p - 4*p - f = u, -p + 4*u = -55. Is p a composite number?
False
Let s(w) = w**2 + w + 4. Suppose -4 - 1 = -z. Is s(z) a composite number?
True
Let r(f) = -21*f - 4. Let c(k) = -k + 1. Let o(h) = -2*c(h) + r(h). Is o(-5) composite?
False
Let t(p) = -p**2 - 28*p - 10. Let m be t(-12). Suppose -d + m = d. Is d prime?
False
Let o = 21 - 19. Let k(i) = 4*i**3 + i**2 + i - 1. Is k(o) a prime number?
True
Suppose a - 564 = -3*d, 5*a + 2295 = 9*a - d. Is a prime?
False
Let b(z) = 22*z**2 + 5*z + 17. Is b(-6) a composite number?
True
L